of 532473334?
3
What is the thousands digit of 1994153722?
3
What is the ten millions digit of 246983918?
4
What is the tens digit of 41219229?
2
What is the hundred millions digit of 918409776?
9
What is the hundred thousands digit of 420803992?
8
What is the ten thousands digit of 2558019611?
1
What is the units digit of 21210240?
0
What is the hundreds digit of 316030213?
2
What is the ten millions digit of 464049368?
6
What is the thousands digit of 51287472?
7
What is the hundred millions digit of 1259437908?
2
What is the hundreds digit of 277328395?
3
What is the hundred thousands digit of 127969907?
9
What is the units digit of 452367566?
6
What is the tens digit of 36179572?
7
What is the hundreds digit of 1241734741?
7
What is the hundreds digit of 1294916303?
3
What is the hundreds digit of 1464483?
4
What is the hundred millions digit of 1828732749?
8
What is the thousands digit of 2184066942?
6
What is the ten thousands digit of 2090897610?
9
What is the hundred millions digit of 3336463906?
3
What is the tens digit of 26537582?
8
What is the hundred thousands digit of 921354725?
3
What is the tens digit of 948357287?
8
What is the hundred millions digit of 956782631?
9
What is the hundreds digit of 220990806?
8
What is the millions digit of 4989393?
4
What is the hundred millions digit of 418122042?
4
What is the units digit of 154864585?
5
What is the millions digit of 12747513?
2
What is the tens digit of 14034540?
4
What is the hundreds digit of 95001722?
7
What is the millions digit of 1982786310?
2
What is the billions digit of 5598833172?
5
What is the thousands digit of 2602227657?
7
What is the hundreds digit of 63884827?
8
What is the hundred millions digit of 451799780?
4
What is the ten thousands digit of 6190439726?
3
What is the hundreds digit of 4508236507?
5
What is the ten thousands digit of 308545487?
4
What is the hundred millions digit of 4826361671?
8
What is the hundred millions digit of 104196467?
1
What is the ten millions digit of 172192072?
7
What is the thousands digit of 146394140?
4
What is the hundred thousands digit of 862398?
8
What is the ten millions digit of 1393928077?
9
What is the ten thousands digit of 33523385?
2
What is the ten millions digit of 694393172?
9
What is the hundred thousands digit of 418510020?
5
What is the units digit of 346034883?
3
What is the units digit of 1564968?
8
What is the tens digit of 1455695?
9
What is the billions digit of 1137546310?
1
What is the tens digit of 60560402?
0
What is the hundreds digit of 2228859967?
9
What is the tens digit of 815258629?
2
What is the millions digit of 601634594?
1
What is the millions digit of 759510928?
9
What is the ten thousands digit of 997022812?
2
What is the units digit of 85209251?
1
What is the ten millions digit of 663407686?
6
What is the hundreds digit of 3007153427?
4
What is the hundred millions digit of 465719015?
4
What is the hundred thousands digit of 538087554?
0
What is the units digit of 9046846019?
9
What is the hundred thousands digit of 537407414?
4
What is the tens digit of 152863099?
9
What is the hundreds digit of 281263293?
2
What is the units digit of 853517693?
3
What is the ten thousands digit of 301541783?
4
What is the hundreds digit of 1038637130?
1
What is the hundred thousands digit of 54939293?
9
What is the ten thousands digit of 46106364?
0
What is the tens digit of 841816117?
1
What is the hundred thousands digit of 564665252?
6
What is the thousands digit of 749267967?
7
What is the billions digit of 1530894358?
1
What is the millions digit of 410881690?
0
What is the ten thousands digit of 3138183225?
8
What is the ten thousands digit of 1975997990?
9
What is the ten thousands digit of 1931029041?
2
What is the hundreds digit of 988981558?
5
What is the ten millions digit of 4254500770?
5
What is the billions digit of 1599656350?
1
What is the thousands digit of 4159199857?
9
What is the hundred thousands digit of 130971055?
9
What is the ten millions digit of 157702919?
5
What is the thousands digit of 541577032?
7
What is the units digit of 11104?
4
What is the ten millions digit of 342580618?
4
What is the units digit of 28407926?
6
What is the tens digit of 2169874571?
7
What is the tens digit of 2486598544?
4
What is the hundred millions digit of 485260426?
4
What is the tens digit of 203175759?
5
What is the thousands digit of 40341844?
1
What is the tens digit of 311173511?
1
What is the hundreds digit of 94531343?
3
What is the thousands digit of 361665006?
5
What is the tens digit of 41896839?
3
What is the thousands digit of 490274917?
4
What is the hundred millions digit of 2365525633?
3
What is the thousands digit of 4733404935?
4
What is the hundred thousands digit of 25280928?
2
What is the billions digit of 1490987993?
1
What is the units digit of 1135670190?
0
What is the ten millions digit of 236348534?
3
What is the millions digit of 3281587398?
1
What is the millions digit of 19628547?
9
What is the ten thousands digit of 2546497?
4
What is the ten millions digit of 28462452?
2
What is the millions digit of 3180827326?
0
What is the millions digit of 2134401607?
4
What is the thousands digit of 26655123?
5
What is the thousands digit of 166745654?
5
What is the thousands digit of 821509673?
9
What is the hundreds digit of 49728794?
7
What is the millions digit of 186815634?
6
What is the units digit of 90824535?
5
What is the tens digit of 1060464447?
4
What is the ten thousands digit of 128162948?
6
What is the millions digit of 52851270?
2
What is the hundreds digit of 532262582?
5
What is the units digit of 57389852?
2
What is the units digit of 555687194?
4
What is the thousands digit of 213600903?
0
What is the tens digit of 105215468?
6
What is the millions digit of 285626435?
5
What is the ten millions digit of 139202177?
3
What is the millions digit of 524660631?
4
What is the hundreds digit of 592913453?
4
What is the tens digit of 287553726?
2
What is the ten thousands digit of 88691416?
9
What is the thousands digit of 354679753?
9
What is the hundreds digit of 2136942501?
5
What is the thousands digit of 56731861?
1
What is the hundred thousands digit of 3623986521?
9
What is the ten millions digit of 20278185?
2
What is the tens digit of 40121797?
9
What is the ten millions digit of 43650486?
4
What is the hundred millions digit of 135830806?
1
What is the millions digit of 660889313?
0
What is the ten thousands digit of 47186045?
8
What is the hundred thousands digit of 464881865?
8
What is the tens digit of 4531368506?
0
What is the millions digit of 77543233?
7
What is the tens digit of 968633011?
1
What is the ten millions digit of 72578489?
7
What is the millions digit of 241204219?
1
What is the ten thousands digit of 476035790?
3
What is the units digit of 375605784?
4
What is the millions digit of 48557194?
8
What is the hundred thousands digit of 354233678?
2
What is the billions digit of 1849972301?
1
What is the units digit of 2104849578?
8
What is the units digit of 272045767?
7
What is the millions digit of 38495990?
8
What is the ten thousands digit of 21184850?
8
What is the billions digit of 3009939085?
3
What is the ten millions digit of 53154870?
5
What is the ten millions digit of 41750023?
4
What is the units digit of 75331567?
7
What is the ten millions digit of 1235959872?
3
What is the thousands digit of 80397722?
7
What is the tens digit of 23703794?
9
What is the thousands digit of 4514138730?
8
What is the tens digit of 31900867?
6
What is the units digit of 1680984250?
0
What is the thousands digit of 413593497?
3
What is the tens digit of 362998037?
3
What is the thousands digit of 82412529?
2
What is the millions digit of 202600747?
2
What is the hundred millions digit of 1712067045?
7
What is the ten millions digit of 720716719?
2
What is the ten thousands digit of 2269359277?
5
What is the ten thousands digit of 122223504?
2
What is the millions digit of 1410432269?
0
What is the ten millions digit of 2855229968?
5
What is the hundred thousands digit of 27798602?
7
What is the billions digit of 9446949645?
9
What is the hundred thousands digit of 582751596?
7
What is the millions digit of 191811351?
1
What is the hundred